of 3805141 and 313?
313
Calculate the greatest common factor of 21 and 58079.
7
Calculate the highest common divisor of 52488 and 144.
72
Calculate the highest common factor of 1610 and 352170.
70
What is the highest common divisor of 419955 and 55?
5
Calculate the greatest common factor of 167573 and 1294.
647
What is the greatest common factor of 14626 and 6674?
142
What is the greatest common divisor of 300 and 600675?
75
What is the highest common factor of 364360 and 40?
40
What is the highest common divisor of 4 and 3866188?
4
What is the greatest common divisor of 95832 and 352?
88
Calculate the greatest common factor of 6015 and 2023446.
1203
What is the highest common factor of 3783 and 1248?
39
What is the highest common factor of 11817589 and 7?
7
What is the highest common factor of 54128 and 2448?
272
Calculate the greatest common divisor of 114 and 118750.
38
What is the greatest common factor of 654984 and 288?
72
What is the greatest common factor of 441 and 22113?
63
What is the highest common factor of 65347 and 1616?
101
What is the highest common factor of 73245 and 570?
285
Calculate the highest common factor of 1704 and 1464.
24
What is the greatest common divisor of 1020 and 10455?
255
What is the greatest common factor of 68 and 1172?
4
What is the highest common divisor of 18571 and 1516?
379
What is the highest common divisor of 360705 and 173?
173
Calculate the greatest common factor of 1193644 and 4.
4
Calculate the greatest common factor of 160209 and 2016.
63
Calculate the greatest common factor of 65 and 66280.
5
What is the greatest common factor of 93 and 1811640?
93
What is the highest common factor of 47 and 950387?
47
Calculate the highest common factor of 136 and 4284.
68
Calculate the highest common factor of 88199 and 6052.
89
What is the highest common factor of 314 and 66097?
157
What is the greatest common factor of 9656 and 333416?
568
Calculate the greatest common factor of 966 and 24058.
46
Calculate the highest common divisor of 3576 and 10281.
447
What is the greatest common factor of 48557 and 1534?
59
What is the highest common divisor of 1755 and 165105?
135
What is the greatest common divisor of 62658 and 126?
18
What is the highest common divisor of 40850 and 5418?
86
What is the greatest common divisor of 3718 and 16016?
286
Calculate the highest common factor of 153 and 95727.
51
Calculate the greatest common divisor of 106 and 956491.
53
What is the greatest common factor of 225360 and 855?
45
Calculate the greatest common factor of 2600 and 13910.
130
Calculate the highest common divisor of 1683 and 101133.
153
What is the greatest common factor of 1184 and 33448?
296
What is the greatest common factor of 3613335 and 3231?
1077
What is the highest common divisor of 330 and 302?
2
Calculate the greatest common factor of 159115 and 21303.
263
What is the highest common factor of 3036 and 16959096?
3036
What is the highest common factor of 9936 and 171504?
432
What is the highest common factor of 35190 and 23?
23
What is the highest common divisor of 13382 and 4?
2
Calculate the greatest common factor of 26250 and 13860.
210
Calculate the greatest common divisor of 1098 and 306.
18
Calculate the highest common factor of 2570061 and 117.
39
What is the highest common divisor of 5820 and 960?
60
What is the highest common factor of 2360 and 376184?
472
Calculate the highest common divisor of 90486 and 9.
9
What is the greatest common divisor of 1098 and 34526?
122
Calculate the greatest common factor of 25630 and 2750.
110
What is the highest common divisor of 299 and 3263?
13
What is the highest common factor of 3698 and 172?
86
Calculate the greatest common factor of 41510 and 910.
70
Calculate the highest common divisor of 11233056 and 17.
17
What is the greatest common factor of 16306 and 4?
2
Calculate the highest common divisor of 9315 and 78315.
345
What is the greatest common divisor of 37851 and 124?
31
What is the highest common divisor of 2444 and 118534?
1222
Calculate the highest common factor of 9 and 673.
1
Calculate the greatest common divisor of 1042335 and 270.
135
Calculate the highest common factor of 2139 and 28737.
93
Calculate the greatest common factor of 882 and 58114.
98
What is the highest common divisor of 54 and 1454346?
18
What is the highest common divisor of 9081 and 45?
9
Calculate the highest common factor of 57484 and 4.
4
Calculate the highest common divisor of 354050 and 16060.
730
Calculate the greatest common divisor of 4702329 and 1926.
963
What is the highest common divisor of 12022 and 4?
2
What is the greatest common factor of 1495 and 35374?
23
Calculate the highest common divisor of 25 and 163225.
25
What is the greatest common divisor of 141103 and 149?
149
Calculate the highest common factor of 5290 and 26910.
230
What is the greatest common factor of 1798 and 14446?
62
Calculate the highest common divisor of 41157 and 225.
9
Calculate the greatest common factor of 51 and 121431.
51
Calculate the greatest common factor of 88 and 34826.
22
What is the highest common divisor of 1018 and 662?
2
What is the highest common divisor of 350 and 2051?
7
What is the greatest common factor of 806 and 16?
2
What is the highest common divisor of 3101 and 217?
7
What is the greatest common divisor of 3584 and 4?
4
What is the highest common factor of 5 and 207990?
5
What is the highest common divisor of 814 and 469678?
814
What is the greatest common divisor of 178 and 4641617?
89
Calculate the greatest common factor of 426771 and 45.
9
Calculate the greatest common divisor of 262218 and 2871.
957
Calculate the greatest common factor of 2575 and 2875.
25
What is the highest common divisor of 4 and 616332?
4
Calculate the greatest common divisor of 369 and 2259.
9
Calculate the highest common factor of 304 and 58576.
16
What is the greatest common factor of 2220 and 548895?
555
What is the highest common divisor of 1529 and 67693?
139
Calculate the highest common divisor of 1909952 and 1408.
704
What is the greatest common factor of 48 and 1240016?
16
What is the greatest common divisor of 1386 and 69804?
126
What is the highest common divisor of 144 and 36567?
9
Calculate the highest common divisor of 145224 and 144.
72
What is the highest common factor of 2167 and 757662?
197
Calculate the highest common factor of 10191 and 4266.
237
What is the highest common factor of 2880 and 150?
30
What is the highest common divisor of 53 and 4199773?
53
What is the highest common divisor of 2 and 17771?
1
What is the greatest common divisor of 720 and 213840?
720
What is the greatest common divisor of 452994 and 1854?
618
What is the highest common divisor of 20445 and 1421?
29
Calculate the greatest common divisor of 714 and 11382.
42
Calculate the greatest common factor of 1773208 and 8380.
1676
Calculate the highest common divisor of 2117178 and 27.
27
What is the greatest common factor of 7329 and 35?
7
Calculate the highest common divisor of 6877 and 11086.
23
Calculate the highest common factor of 759 and 1353.
33
Calculate the highest common factor of 104486 and 178.
178
Calculate the greatest common divisor of 131099 and 31.
31
Calculate the greatest common divisor of 147 and 54523.
7
What is the greatest common divisor of 320 and 48448?
64
What is the highest common divisor of 318 and 417057?
159
Calculate the greatest common factor of 245660 and 30.
10
What is the highest common divisor of 11104 and 1024?
32
What is the greatest common divisor of 154 and 18458?
22
What is the greatest common divisor of 60853 and 217?
31
Calculate the highest common divisor of 210 and 384.
6
What is the greatest common divisor of 6 and 316482?
6
What is the greatest common divisor of 722 and 93746?
38
What is the highest common factor of 51578 and 22304?
1394
Calculate the highest common factor of 46791 and 36.
9
Calculate the greatest common divisor of 544726 and 42.
14
Calculate the greatest common factor of 2763 and 3645.
9
Calculate the highest common divisor of 72 and 266148.
36
What is the greatest common divisor of 58 and 73573?
29
Calculate the greatest common factor of 120725 and 1.
1
Calculate the greatest common factor of 218 and 1274755.
109
What is the highest 